[INFO] fetching crate newport_os 0.0.1...
[INFO] building newport_os-0.0.1 against master#ff34b919075f35a1787659e9c448a34b06bab8de for issue-85264
[INFO] extracting crate newport_os 0.0.1 into /workspace/builds/worker-14/source
[INFO] validating manifest of crates.io crate newport_os 0.0.1 on toolchain ff34b919075f35a1787659e9c448a34b06bab8de
[INFO] running `Command { std: "/workspace/cargo-home/bin/cargo" "+ff34b919075f35a1787659e9c448a34b06bab8de" "metadata" "--manifest-path" "Cargo.toml" "--no-deps", kill_on_drop: false }`
[INFO] started tweaking crates.io crate newport_os 0.0.1
[INFO] finished tweaking crates.io crate newport_os 0.0.1
[INFO] tweaked toml for crates.io crate newport_os 0.0.1 written to /workspace/builds/worker-14/source/Cargo.toml
[INFO] running `Command { std: "/workspace/cargo-home/bin/cargo" "+ff34b919075f35a1787659e9c448a34b06bab8de" "generate-lockfile" "--manifest-path" "Cargo.toml" "-Zno-index-update", kill_on_drop: false }`
[INFO] running `Command { std: "/workspace/cargo-home/bin/cargo" "+ff34b919075f35a1787659e9c448a34b06bab8de" "fetch" "--manifest-path" "Cargo.toml", kill_on_drop: false }`
[INFO] running `Command { std: "docker" "create" "-v" "/var/lib/crater-agent-workspace/builds/worker-14/target:/opt/rustwide/target:rw,Z" "-v" "/var/lib/crater-agent-workspace/builds/worker-14/source:/opt/rustwide/workdir:ro,Z" "-v" "/var/lib/crater-agent-workspace/cargo-home:/opt/rustwide/cargo-home:ro,Z" "-v" "/var/lib/crater-agent-workspace/rustup-home:/opt/rustwide/rustup-home:ro,Z" "-e" "SOURCE_DIR=/opt/rustwide/workdir" "-e" "CARGO_TARGET_DIR=/opt/rustwide/target" "-e" "CARGO_HOME=/opt/rustwide/cargo-home" "-e" "RUSTUP_HOME=/opt/rustwide/rustup-home" "-w" "/opt/rustwide/workdir" "-m" "1610612736" "--user" "0:0" "--network" "none" "ghcr.io/rust-lang/crates-build-env/linux@sha256:20528e8c29e4536546f0102ce88568b16ea7538393a33fcca951030f7af10457" "/opt/rustwide/cargo-home/bin/cargo" "+ff34b919075f35a1787659e9c448a34b06bab8de" "metadata" "--no-deps" "--format-version=1", kill_on_drop: false }`
[INFO] [stdout] f35c1459f72545f8af9aef8f65378d97dcc306bb9850544ab5c4c997300c3296
[INFO] [stderr] WARNING: Your kernel does not support swap limit capabilities or the cgroup is not mounted. Memory limited without swap.
[INFO] running `Command { std: "docker" "start" "-a" "f35c1459f72545f8af9aef8f65378d97dcc306bb9850544ab5c4c997300c3296", kill_on_drop: false }`
[INFO] running `Command { std: "docker" "inspect" "f35c1459f72545f8af9aef8f65378d97dcc306bb9850544ab5c4c997300c3296", kill_on_drop: false }`
[INFO] running `Command { std: "docker" "rm" "-f" "f35c1459f72545f8af9aef8f65378d97dcc306bb9850544ab5c4c997300c3296", kill_on_drop: false }`
[INFO] [stdout] f35c1459f72545f8af9aef8f65378d97dcc306bb9850544ab5c4c997300c3296
[INFO] running `Command { std: "docker" "create" "-v" "/var/lib/crater-agent-workspace/builds/worker-14/target:/opt/rustwide/target:rw,Z" "-v" "/var/lib/crater-agent-workspace/builds/worker-14/source:/opt/rustwide/workdir:ro,Z" "-v" "/var/lib/crater-agent-workspace/cargo-home:/opt/rustwide/cargo-home:ro,Z" "-v" "/var/lib/crater-agent-workspace/rustup-home:/opt/rustwide/rustup-home:ro,Z" "-e" "SOURCE_DIR=/opt/rustwide/workdir" "-e" "CARGO_TARGET_DIR=/opt/rustwide/target" "-e" "CARGO_INCREMENTAL=0" "-e" "RUST_BACKTRACE=full" "-e" "RUSTFLAGS=--cap-lints=forbid" "-e" "CARGO_HOME=/opt/rustwide/cargo-home" "-e" "RUSTUP_HOME=/opt/rustwide/rustup-home" "-w" "/opt/rustwide/workdir" "-m" "1610612736" "--user" "0:0" "--network" "none" "ghcr.io/rust-lang/crates-build-env/linux@sha256:20528e8c29e4536546f0102ce88568b16ea7538393a33fcca951030f7af10457" "/opt/rustwide/cargo-home/bin/cargo" "+ff34b919075f35a1787659e9c448a34b06bab8de" "build" "--frozen" "--message-format=json", kill_on_drop: false }`
[INFO] [stdout] 9a2857fcc76c281eb45ca999322b9a33c66d5dabcd1f2376d6b3dd219357722a
[INFO] [stderr] WARNING: Your kernel does not support swap limit capabilities or the cgroup is not mounted. Memory limited without swap.
[INFO] running `Command { std: "docker" "start" "-a" "9a2857fcc76c281eb45ca999322b9a33c66d5dabcd1f2376d6b3dd219357722a", kill_on_drop: false }`
[INFO] [stderr]    Compiling newport_os v0.0.1 (/opt/rustwide/workdir)
[INFO] [stdout] error[E0433]: failed to resolve: use of undeclared type `SYSTEMTIME`
[INFO] [stdout]   --> src/time.rs:20:31
[INFO] [stdout]    |
[INFO] [stdout] 20 |         let mut system_time = SYSTEMTIME::default();
[INFO] [stdout]    |                               ^^^^^^^^^^ use of undeclared type `SYSTEMTIME`
[INFO] [stdout] 
[INFO] [stdout] 
[INFO] [stdout] error[E0412]: cannot find type `WindowHandle` in this scope
[INFO] [stdout]    --> src/window.rs:166:13
[INFO] [stdout]     |
[INFO] [stdout] 166 |     handle: WindowHandle,
[INFO] [stdout]     |             ^^^^^^^^^^^^ not found in this scope
[INFO] [stdout] 
[INFO] [stdout] 
[INFO] [stdout] error[E0425]: cannot find function, tuple struct or tuple variant `GetLocalTime` in this scope
[INFO] [stdout]   --> src/time.rs:21:18
[INFO] [stdout]    |
[INFO] [stdout] 21 |         unsafe { GetLocalTime(&mut system_time) };
[INFO] [stdout]    |                  ^^^^^^^^^^^^ not found in this scope
[INFO] [stdout] 
[INFO] [stdout] 
[INFO] [stdout] warning: unused import: `std::mem::size_of`
[INFO] [stdout]   --> src/window.rs:10:5
[INFO] [stdout]    |
[INFO] [stdout] 10 | use std::mem::size_of;
[INFO] [stdout]    |     ^^^^^^^^^^^^^^^^^
[INFO] [stdout]    |
[INFO] [stdout]    = note: `#[warn(unused_imports)]` on by default
[INFO] [stdout] 
[INFO] [stdout] 
[INFO] [stdout] warning: unused imports: `null_mut`, `null`
[INFO] [stdout]   --> src/window.rs:11:16
[INFO] [stdout]    |
[INFO] [stdout] 11 | use std::ptr::{null_mut, null, NonNull};
[INFO] [stdout]    |                ^^^^^^^^  ^^^^
[INFO] [stdout] 
[INFO] [stdout] 
[INFO] [stdout] warning: unused import: `std::ffi::CString`
[INFO] [stdout]   --> src/window.rs:12:5
[INFO] [stdout]    |
[INFO] [stdout] 12 | use std::ffi::CString;
[INFO] [stdout]    |     ^^^^^^^^^^^^^^^^^
[INFO] [stdout] 
[INFO] [stdout] 
[INFO] [stdout] warning: unused import: `std::num::Wrapping`
[INFO] [stdout]   --> src/window.rs:13:5
[INFO] [stdout]    |
[INFO] [stdout] 13 | use std::num::Wrapping;
[INFO] [stdout]    |     ^^^^^^^^^^^^^^^^^^
[INFO] [stdout] 
[INFO] [stdout] 
[INFO] [stdout] error: aborting due to 3 previous errors; 4 warnings emitted
[INFO] [stdout] 
[INFO] [stdout] 
[INFO] [stdout] Some errors have detailed explanations: E0412, E0425, E0433.
[INFO] [stdout] 
[INFO] [stdout] For more information about an error, try `rustc --explain E0412`.
[INFO] [stdout] 
[INFO] [stderr] error: could not compile `newport_os`
[INFO] [stderr] 
[INFO] [stderr] To learn more, run the command again with --verbose.
[INFO] running `Command { std: "docker" "inspect" "9a2857fcc76c281eb45ca999322b9a33c66d5dabcd1f2376d6b3dd219357722a", kill_on_drop: false }`
[INFO] running `Command { std: "docker" "rm" "-f" "9a2857fcc76c281eb45ca999322b9a33c66d5dabcd1f2376d6b3dd219357722a", kill_on_drop: false }`
[INFO] [stdout] 9a2857fcc76c281eb45ca999322b9a33c66d5dabcd1f2376d6b3dd219357722a
